 6664926663?
3, 740547407
What are the prime factors of 39665495?
5, 7933099
List the prime factors of 337933437.
3, 112644479
List the prime factors of 3017104512.
2, 3, 17, 31, 877
What are the prime factors of 561689998?
2, 3911, 71809
List the prime factors of 4739539653.
3, 526615517
What are the prime factors of 28950815?
5, 83, 69761
List the prime factors of 565513270.
2, 5, 7, 8078761
What are the prime factors of 22302415?
5, 4460483
What are the prime factors of 30256574?
2, 15128287
List the prime factors of 57231336.
2, 3, 47, 113, 449
List the prime factors of 376610709.
3, 89, 1410527
List the prime factors of 175727044.
2, 43931761
What are the prime factors of 16064370?
2, 3, 5, 7, 43, 593
List the prime factors of 848053215.
3, 5, 18845627
List the prime factors of 2052158694.
2, 3, 347, 985667
What are the prime factors of 153111127?
13, 69691
List the prime factors of 8944495.
5, 7, 83, 3079
What are the prime factors of 185150883?
3, 89, 193, 3593
List the prime factors of 4128676411.
103, 1601, 25037
List the prime factors of 10207961.
3187, 3203
List the prime factors of 2908807136.
2, 109, 833947
What are the prime factors of 121410480?
2, 3, 5, 505877
List the prime factors of 228129060.
2, 3, 5, 3802151
What are the prime factors of 1621032609?
3, 7, 211, 365839
What are the prime factors of 106894002?
2, 3, 17815667
What are the prime factors of 88420520?
2, 5, 73, 107, 283
List the prime factors of 1106658568.
2, 138332321
What are the prime factors of 74319068?
2, 18579767
List the prime factors of 269538042.
2, 3, 44923007
What are the prime factors of 49408085?
5, 911, 10847
List the prime factors of 445703687.
11, 13, 3116809
What are the prime factors of 20082697?
20082697
List the prime factors of 281263856.
2, 59, 67, 4447
List the prime factors of 333337597.
23, 503, 28813
List the prime factors of 15540330.
2, 3, 5, 13, 39847
What are the prime factors of 256523660?
2, 5, 479, 26777
What are the prime factors of 98300371?
13, 101, 443
What are the prime factors of 105400700?
2, 5, 1054007
What are the prime factors of 16591674?
2, 3, 11, 19, 101, 131
What are the prime factors of 6180517?
7, 37, 487
List the prime factors of 106018104.
2, 3, 4417421
List the prime factors of 6224864.
2, 194527
What are the prime factors of 51037469?
7, 131, 7951
What are the prime factors of 550189973?
19, 179, 161773
What are the prime factors of 112969093?
112969093
List the prime factors of 190908627.
3, 7, 13, 699299
What are the prime factors of 142239311?
142239311
What are the prime factors of 838913913?
3, 37, 131, 19231
What are the prime factors of 8478091830?
2, 3, 5, 13, 211, 269, 383
List the prime factors of 28905991.
37, 781243
What are the prime factors of 1271589433?
18973, 67021
What are the prime factors of 83956778?
2, 17, 2469317
List the prime factors of 1273060184.
2, 11, 37, 390989
What are the prime factors of 1294974658?
2, 23, 28151623
What are the prime factors of 1248483?
3, 281, 1481
List the prime factors of 5930670022.
2, 2693, 1101127
List the prime factors of 57805843.
57805843
List the prime factors of 1994523571.
233, 36739
List the prime factors of 2070619347.
3, 19477, 35437
List the prime factors of 59302188.
2, 3, 11, 17, 23, 383
What are the prime factors of 68369872?
2, 4273117
List the prime factors of 1068495270.
2, 3, 5, 439, 81131
What are the prime factors of 884819296?
2, 467, 59209
List the prime factors of 115101856.
2, 3596933
What are the prime factors of 1166223394?
2, 7, 751, 110921
What are the prime factors of 2489811292?
2, 73, 197, 43283
What are the prime factors of 35352752?
2, 2209547
What are the prime factors of 3687772075?
5, 13, 11346991
List the prime factors of 5223165707.
10487, 498061
List the prime factors of 1833517971.
3, 31, 2190583
What are the prime factors of 5328501001?
191, 27897911
List the prime factors of 416024161.
7, 23, 369143
What are the prime factors of 318946703?
787, 405269
List the prime factors of 270203180.
2, 5, 13, 19, 83, 659
List the prime factors of 384787285.
5, 149, 516493
List the prime factors of 73123543.
113, 647111
List the prime factors of 109874915.
5, 1021, 21523
What are the prime factors of 114281684?
2, 11, 17, 152783
List the prime factors of 1198456076.
2, 41, 7307659
What are the prime factors of 2521551304?
2, 43, 367, 19973
List the prime factors of 89277865.
5, 19, 939767
List the prime factors of 32764957.
1327, 24691
What are the prime factors of 1948516316?
2, 379, 1285301
List the prime factors of 38503926.
2, 3, 2139107
What are the prime factors of 785852862?
2, 3, 130975477
What are the prime factors of 586060074?
2, 3, 17, 1915229
List the prime factors of 85518992.
2, 13, 317, 1297
What are the prime factors of 124269437?
23, 29, 186311
What are the prime factors of 2327412873?
3, 71, 10926821
List the prime factors of 68267861.
4363, 15647
What are the prime factors of 415808911?
7, 59401273
What are the prime factors of 65340468?
2, 3, 19, 95527
What are the prime factors of 806125911?
3, 268708637
What are the prime factors of 1030495036?
2, 23, 11201033
What are the prime factors of 127773810?
2, 3, 5, 79, 17971
What are the prime factors of 54441876?
2, 3, 191, 23753
What are the prime factors of 5507265?
3, 5, 37, 9923
What are the prime factors of 90785969?
107, 848467
List the prime factors of 2321368058.
2, 23, 50464523
List the prime factors of 1773085336.
2, 11, 613, 32869
What are the prime factors of 717591455?
5, 7, 557, 36809
List the prime factors of 7744806722.
2, 17, 131, 1738843
List the prime factors of 15921501.
3, 5307167
What are the prime factors of 432624401?
11, 563, 69857
What are the prime factors of 514753307?
113, 4555339
List the prime factors of 17720632.
2, 37, 131, 457
List the prime factors of 244497865.
5, 48899573
List the prime factors of 1384541297.
1384541297
What are the prime factors of 128748895?
5, 11, 577, 4057
What are the prime factors of 34333561?
127, 270343
What are the prime factors of 11359400?
2, 5, 13, 17, 257
What are the prime factors of 178965106?
2, 113, 349, 2269
What are the prime factors of 76932108?
2, 3, 11, 131, 1483
List the prime factors of 1725519651.
3, 167, 197, 17483
What are the prime factors of 2748816146?
2, 19, 72337267
What are the prime factors of 24538496?
2, 191707
List the prime factors of 2751908344.
2, 12007, 28649
List the prime factors of 70481559.
3, 37, 634969
List the prime factors of 116410545.
3, 5, 73, 35437
What are the prime factors of 22821229?
22821229
What are the prime factors of 1499547477?
3, 71, 7040129
List the prime factors of 289830732.
2, 3, 73, 330857
List the prime factors of 2417769103.
9293, 260171
List the prime factors of 80871806.
2, 1949, 20747
List the prime factors of 24880635.
3, 5, 13, 14177
What are the prime factors of 211298766?
2, 3, 7, 5030923
What are the prime factors of 1832984874?
2, 3, 7, 14547499
What are the prime factors of 794981821?
23, 53, 367, 1777
List the prime factors of 10130723.
79, 128237
What are the prime factors of 372463437?
3, 124154479
What are the prime factors of 194072766?
2, 3, 587, 55103
What are the prime factors of 190431182?
2, 95215591
What are the prime factors of 5656980262?
2, 2828490131
List the prime factors of 188607007.
31, 6084097
What are the prime factors of 2381294535?
3, 5, 23, 6902303
What are the prime factors of 191376198?
2, 3, 13, 47, 17401
What are the prime factors of 534535633?
37, 557, 701
List the prime factors of 29038360.
2, 5, 13, 55843
List the prime factors of 73065173.
89, 820957
What are the prime factors of 76819368?
2, 3, 3200807
What are the prime factors of 603295995?
3, 5, 47, 855739
What are the prime factors of 68579134?
2, 13, 2637659
List the prime factors of 163356036.
2, 3, 37, 127, 2897
What are the prime factors of 97563128?
2, 13, 938107
List the prime factors of 21605836.
2, 7, 771637
What are the prime factors of 763648501?
7, 11, 9917513
What are the prime factors of 283675527?
3, 389, 3001
What are the prime factors of 421372?
2, 7, 101, 149
List the prime factors of 73863205.
5, 13, 1136357
List the prime factors of 64114503.
3, 3019, 7079
What are the prime factors of 103325404?
2, 7, 13, 283861
Wha